uppose -5*k + 3*w = -501, -4*k + 9*w - 4*w = -393. Is 28 a factor of k?
False
Let a(p) = -p**3 - p**2 - p - 6. Is a(-6) a multiple of 15?
True
Let x(l) = 10*l - 2. Let j(n) = 40*n - 9. Let s(k) = 6*j(k) - 26*x(k). Is s(-1) a multiple of 9?
True
Suppose 0 = 3*p - 4*p + 24. Is p a multiple of 6?
True
Suppose -4*d + 2*d = 0. Does 5 divide (-22*1 + d)/(-2)?
False
Let f be (-8)/2*4/(-8). Suppose -2*p - f = -3*p. Suppose 0 = -p*v + 12 + 2. Is 7 a factor of v?
True
Suppose -b - r + 8 - 2 = 0, -2*r = 4*b - 24. Is 6 a factor of b?
True
Does 4 divide (-312)/(-15) - (-8)/(-10)?
True
Let k = 203 + -405. Does 20 divide k/(-10) + 3/(-15)?
True
Is 70/14 + (-2 - -69) a multiple of 11?
False
Suppose 3*i - i = 38. Let z = 1 + i. Is 10 a factor of z?
True
Let r(s) = -s**2 + 11*s - 10. Does 9 divide r(7)?
True
Let b(z) = z**3 + z**2 - 3*z + 4. Let p be b(-3). Let t(g) = 2*g + 6. Let o be t(p). Let l(u) = u**2 + 4*u + 3. Is 3 a factor of l(o)?
True
Suppose 0 = -2*h + 4*h - 300. Is h a multiple of 10?
True
Let o(l) = -l**2 - 10*l - 11. Let q be o(-8). Suppose -2*n = 3*f - 7*n - 56, 0 = q*f + 4*n - 44. Is 6 a factor of f?
True
Suppose -445 = -0*h - 5*h. Suppose 3*t - 2*n = 108, -4*t + 2*n = -53 - h. Does 17 divide t?
True
Suppose j + s - 168 = 0, -3*j + 0*s + 2*s = -529. Is j a multiple of 21?
False
Let l(b) = -27*b + 20. Let c(i) = -14*i + 10. Let p(n) = 5*c(n) - 3*l(n). Let j be p(8). Suppose 0 = q + q - j. Is 16 a factor of q?
False
Suppose 0 = -2*s + 2*l + 130, 7*l = 3*l - 4. Suppose s = i + i. Suppose 3*m = m + i. Is 16 a factor of m?
True
Let u(c) = -c - 7. Let k be u(-8). Let r(v) = -2*v + 0 + 20*v**3 + v + 1. Is r(k) a multiple of 10?
True
Let b(c) = 18*c - 1. Let g = -2 - -5. Suppose 0 = -7*f + 4*f + g. Is 13 a factor of b(f)?
False
Let o(b) = 3*b - 15. Let d be o(6). Suppose -d*r + 120 = 2*r. Is r a multiple of 9?
False
Is 0 + (53/1 - 1) a multiple of 13?
True
Suppose -2*c - 1 + 4 = 5*w, 4*w + 4 = 0. Suppose 3*v - 7*v + c*n + 4 = 0, 3*v - 38 = -4*n. Suppose 2*s - 32 = -2*x, x + 101 = v*x - 2*s. Does 8 divide x?
False
Suppose -35 = b - 3*t, 9*t - 4*t = -2*b - 26. Let w = 44 + b. Let s = -15 + w. Is 6 a factor of s?
True
Let u = -2 - -5. Suppose 4*m + 4*c - 64 = 0, -m + u*c = -2*c - 4. Does 7 divide m?
True
Let k(f) = f**3 - 8*f**2 + 8*f - 4. Let n be k(7). Let s = n + -93. Let g = s + 128. Is 19 a factor of g?
True
Let u(q) = q**2 - 10*q - 9. Let c be u(11). Suppose -2*g + 36 = c*g. Is g a multiple of 7?
False
Suppose -5*k + 34 = -6. Is (3 - 26/k)*-124 a multiple of 10?
False
Suppose 0*a - 5*v + 38 = a, 0 = 2*a - 4*v - 76. Does 19 divide a?
True
Let l = 118 - 57. Is 18 a factor of l?
False
Let r = 43 - -2. Is r a multiple of 20?
False
Let s be 1/(((-3)/3)/(-3)). Suppose -25 = -2*y - s*y. Does 2 divide y?
False
Let b(j) = 12*j**2 + 16*j - 3. Is b(-5) a multiple of 14?
False
Suppose -7 = 5*h - 22. Suppose -h*c - 2*j + 4 = -204, c - 76 = j. Suppose 27 = g + 4*y, -3*y = 3*g - 0*y - c. Does 16 divide g?
False
Suppose 4*z = -2*f + 64, -60 = -f + z - 16. Is f a multiple of 5?
True
Suppose -2*s + 0*s + 6 = 0. Suppose -7*r + s*r + 60 = 0. Does 5 divide r?
True
Let r = 138 + -18. Is r a multiple of 30?
True
Suppose 0 = -5*j + k - 230, -5*k - 14 = j + 32. Let b = -17 - j. Suppose 3*i = 6*i + v - b, 4*v - 28 = -i. Is i a multiple of 3?
False
Suppose 0 = p - 3*p. Suppose -3*m + 38 = r - 48, -4*r - 4 = p. Is 15 a factor of m?
False
Suppose -v + 2*s + 32 = 0, 3*s + 2*s = -3*v + 52. Is v a multiple of 12?
True
Let l(n) = n**3 + 6*n**2 + 4*n + 3. Let v be ((-10)/(-15))/(4/(-30)). Let s be l(v). Suppose 0 = 7*d - 5*d - s. Is d even?
True
Let n = -27 + 69. Suppose 2*r = 4*m - n, -3*r = 2*r - 5. Does 6 divide m?
False
Does 3 divide (4 - 6) + 2*7?
True
Suppose m + 2 = 87. Does 7 divide m?
False
Let j = 63 + -3. Is j a multiple of 11?
False
Is 26 a factor of 104*(-3)/(-12)*2?
True
Suppose -5*g = c - 71, 0 = -c + 2*c + 4. Let k = g + -9. Does 2 divide k?
True
Suppose 2*f - 78 = -0*f. Does 7 divide f/(3*4/16)?
False
Let i(v) be the third derivative of -v**4/4 - v**3/3 + 13*v**2. Suppose -5*l - 35 = 5*p, p + 16 = l - 5*l. Does 11 divide i(p)?
True
Let j be 2/(-10) + (-251)/(-5). Suppose -4*t + 2*w = -j, 0 = 5*t + 4*w - 11 - 71. Is 12 a factor of t?
False
Let q = 4 + 12. Let b = 0 + q. Is 8 a factor of b?
True
Let u(x) = x**2 - x - 2. Let w be u(-2). Suppose -2*j = -w - 18. Is j a multiple of 9?
False
Let c(o) = o - 6. Let x be c(6). Suppose -g + j + j - 3 = 0, x = g + 2*j + 11. Let m(a) = -2*a. Is 14 a factor of m(g)?
True
Suppose y + 12 = -n + 100, -n + 428 = 5*y. Is y a multiple of 14?
False
Let b(g) = -g**3 - 5*g**2 - 6*g + 12. Is 13 a factor of b(-7)?
False
Let t(r) = -4*r - 9. Does 5 divide t(-6)?
True
Suppose -4*i - 212 = -4*j, j - 5*j + 167 = 5*i. Suppose -60 = q + q. Let y = j + q. Does 7 divide y?
False
Suppose h - 4*s = -2 + 24, 3*h - 4*s - 26 = 0. Let g be ((-31)/(-4))/((-2)/(-32)). Suppose 4*c + h*r - 134 = -c, 3*r + g = 5*c. Does 14 divide c?
False
Let u(o) = o**2 - o - 1. Let k(y) = -y**2 + 1. Let l(m) = k(m) + 2*u(m). Let w be 10*((-4)/8 - -1). Does 7 divide l(w)?
True
Suppose 0 = 5*c + 26 + 29. Suppose -g + 10 = 5*b, 96 = 3*g + 2*g + 2*b. Let f = g + c. Does 5 divide f?
False
Let g(r) = -r**3 + 9*r**2 + 13*r - 7. Is g(9) a multiple of 22?
True
Let x = -32 - -22. Let f = 16 - x. Is f a multiple of 13?
True
Let b = -8 - -11. Let l be (-9)/(-15)*b*5. Suppose 0*q - l = -q. Does 6 divide q?
False
Let i(u) be the first derivative of -u**3 + 3*u**2/2 - u + 1. Let d be i(2). Let o = 12 + d. Is o even?
False
Let m(l) be the second derivative of -l**4/12 + 7*l**3/6 - 2*l**2 - 7*l. Is m(4) a multiple of 8?
True
Is (-12)/(-10)*(-30)/(-4) a multiple of 9?
True
Let g = 603 - 273. Is 22 a factor of g?
True
Let u(i) = -i + 2. Let v be u(0). Suppose v*h - 64 = -2*h. Does 11 divide h?
False
Let t(y) = -5*y + 4. Let b be t(-3). Suppose 2*w - b = 9. Is 12 a factor of (-2)/(-2 - 0) + w?
False
Suppose q + 3 = 5. Let g = 35 + 9. Suppose -q*m - 52 = 4*b - 8*b, 3*b + m = g. Is 7 a factor of b?
True
Let k(n) = 4*n + 4. Suppose 7 = -2*z + 11. Does 4 divide k(z)?
True
Let a = 0 + 0. Suppose a = 5*g - 11 - 34. Is g a multiple of 4?
False
Suppose 0 = 3*n + 3*n - 306. Is 17 a factor of n?
True
Suppose 0 = 3*j - 2*j - 3, -39 = -h + 3*j. Let a = -61 + 152. Let d = a - h. Does 16 divide d?
False
Suppose 2*c = -c - 42. Suppose 26 = 5*y - 134. Let v = y + c. Is 8 a factor of v?
False
Suppose j = -b + 1, -3*j - 1 + 5 = 4*b. Suppose 2*d + 4 - 8 = j. Is 3 + d*(1 + 0) a multiple of 2?
False
Does 11 divide (3*(-2)/(-18))/(-1)*-165?
True
Suppose t + 16 = -0*q + 2*q, t = -q + 8. Suppose -124 = v + q. Does 19 divide (-1)/(v/129 + 1)?
False
Let x be 3/(-2)*(0 - -10). Let b(i) = -2*i**3 + 2*i**2 + 2*i + 1. Let j be b(-1). Is (x + 3/j)*-1 a multiple of 14?
True
Let v = -8 - -13. Suppose -2*r - 3*r - v = 0. Is 15 a factor of ((-45)/r)/((-3)/(-2))?
True
Suppose 0 = 9*s - 408 - 186. Does 33 divide s?
True
Suppose -3*s - 5*n = -19, s = 2*s + 2*n - 8. Let o = -1 - s. Is -1 + (-4 + o - -10) a multiple of 6?
True
Let k(j) = 5*j**2 + 2*j + 2. Let c(u) = -u. Let q be c(4). Let x = 2 + q. Does 9 divide k(x)?
True
Let d(m) = m**2 + 16*m - 3. Is d(-17) a multiple of 14?
True
Let n be 10*((-3)/(-2) + -1). Suppose 0 = -n*g + 6*g - 12. Is 3 a factor of g?
True
Suppose -3*z + m + 3 = 0, 3*z + 15 = -2*m - 3*m. Let f be 33 - (-1 + (0 - z)). Suppose 2*j + 6 = f. Is 7 a factor of j?
True
Let w(b) = -b**3 + 3*b**2 + 2*b - 1. Let i be w(3). Let v(a) = 5*a - 5. Is 20 a factor of v(i)?
True
Suppose -94 = -4*h + 5*z, 2*h - 50 = -0*h + 4*z. Is 5 a factor of h?
False
Let j be -2 + ((-3)/3 - -11). Let k = 12 + j. Is 15 a factor of k?
False
Suppose -12*z + 11*z = 16. Let o(k) = -k**2 - 18*k. Is o(z) a multiple of 7?
False
Suppose 0 = -4*j - 3*b + 56, 6*b - b + 42 = 3*j. Let p = -21 + j. Is p/(63/60)*-3 a multiple of 10?
True
Let m = 43 + -128. Is m/(-4) - (-4)/(-16) a multiple of 21?
True
Suppose -3*a = -7*a + 80. Does 10 divide a?
True
Let i(w) = w - 4. Let c(u) = -3. Let z(g) = 4*c(g) - 3*i(g). Suppose r = -0 - 2. Does 6 divide z(r)?
True
Is 14 a factor of (4/14)/((-3)/(-21)) - -58?
False
Let d(i) = 0 - 4*i**2 - 23*i**3 + 9*i**3 + 3*i**2 - 1 - i. Is d(-1) a multiple of 7?
False
Let o = -11 - -14. Suppose -5*d + 86 = 3*r - 2*r, -5*r -